{"id":7612,"date":"2014-11-23T22:26:38","date_gmt":"2014-11-23T21:26:38","guid":{"rendered":"http:\/\/inter-architecture.rietveldacademie.nl\/?page_id=7612"},"modified":"2014-11-23T22:36:21","modified_gmt":"2014-11-23T21:36:21","slug":"art-and-research","status":"publish","type":"page","link":"http:\/\/inter-architecture.rietveldacademie.nl\/?page_id=7612","title":{"rendered":"Art and Research"},"content":{"rendered":"<p><a href=\"http:\/\/www.gerritrietveldacademie.nl\/en\/honours-programme1\"> See also website Rietveld Academie: Honours programme <\/a><\/p>\n<p><a href=\"http:\/\/inter-architecture.rietveldacademie.nl\/wp-content\/uploads\/2014\/11\/DSC02362.jpg\"><img loading=\"lazy\" src=\"http:\/\/inter-architecture.rietveldacademie.nl\/wp-content\/uploads\/2014\/11\/DSC02362-600x900.jpg\" alt=\"about it_henri snel 04\" width=\"600\" height=\"900\" class=\"alignnone size-medium wp-image-7263\" srcset=\"http:\/\/inter-architecture.rietveldacademie.nl\/wp-content\/uploads\/2014\/11\/DSC02362-600x900.jpg 600w, http:\/\/inter-architecture.rietveldacademie.nl\/wp-content\/uploads\/2014\/11\/DSC02362-1024x1536.jpg 1024w\" sizes=\"(max-width: 600px) 100vw, 600px\" \/><\/a><\/p>\n<p><strong>Title<\/strong><br \/>\nHonours Programme \u201cArt and Research\u201d<\/p>\n<p>The Honours Programme ART and RESEARCH consists of a collaboration between the Gerrit Rietveld Academie and the University of Amsterdam. Initially developed in 2006 and already on its 6th edition, it aims to combine the best of both institutions in a programme that allows art students the opportunity to engage with theory on a deeper level than what is offered in the Gerrit Rietveld Academie\u2019s regular courses, while on the other hand, it involves university students in creative processes absent in the scope of the University of Amsterdam\u2019s courses. Departing from the idea that there are certain overlaps between the practices of science and art, it provides students with the incentive to link different perspectives and methodologies, as well as challenge traditions, in order to create and develop new modes of research, while learning from each other\u2019s fields of study in the process.<br \/>\nPractically speaking, this means that for a period of about 14 months, a group of eighteen to twenty selected students will work on a joint project, which starts with the attendance of a one-week training in Spain. Here they are exposed to an innovative teaching method based on Socratic dialogue, through which they formulate a general theme. Back in The Netherlands, they conceive sub-themes in smaller multi-disciplinary groups, and collaborate intensively on a collective research leading to a joined output, consisting of a publication and a presentation at the end of the programme.<br \/>\nAdmission to the programme is based upon talent and grades, and the projects mentioned above are developed on top of the student\u2019s regular schedule. Although guided by tutors, guest lecturers, and other professionals, the students contribute to the development of the programme\u2019s content as it progresses. Besides this, most of the organisational work involved in the production of the presentation and publication also lies in their hands, which makes the programme unique.<br \/>\nAnother characteristic feature of \u201cART and RESEARCH\u201d is the extremely wide range of disciplines it brings together, with participants from departments such as the Gerrit Rietveld Academie\u2019s Audiovisual, Fine Arts, Glass, Inter-Architecture and Graphic Design, the University\u2019s Future Planet Studies, Theatre Studies, Philosophy, Art History and Literature Studies.<br \/>\nPrevious programme&#8217;s have shown us that these very motivated students have better chances of being selected for Master\u2019s programme&#8217;s abroad, and several of them have won awards in past years, such as the Gerrit Rietveld Academie Award for Best Thesis. In the words of one of the programme\u2019s former students: \u2018It\u2019s like being given new ears to listen to things that you thought you knew\u2019.<\/p>\n<p><strong>Students 2013-2014<\/strong><br \/>\nAnastasia Pandilovska (Inter-Architecture), Annemiek Geel, Baha G\u00f6rkem Yalim, Bastien Gachet, Brenda Guesnet, C\u00e9line H\u00fcrzeler, Chris van Diemen, Deborah Schrijvers, Florian Jomain, Freja Kirchheiner, Giulia Crispiani, Kristian M\u00f8lberg Meyer, Laura Dima (Inter-Architecture), Lenneke Vos, Ma\u00efa Wolf, Chi Nguyen, Rosanne van der Voet, Sofia Dupon, Tiemen Wind<\/p>\n<p><a href=\"http:\/\/inter-architecture.rietveldacademie.nl\/wp-content\/uploads\/2014\/11\/DSC02361.jpg\"><img loading=\"lazy\" src=\"http:\/\/inter-architecture.rietveldacademie.nl\/wp-content\/uploads\/2014\/11\/DSC02361-600x900.jpg\" alt=\"about it_henri snel 05\" width=\"600\" height=\"900\" class=\"alignnone size-medium wp-image-7264\" srcset=\"http:\/\/inter-architecture.rietveldacademie.nl\/wp-content\/uploads\/2014\/11\/DSC02361-600x900.jpg 600w, http:\/\/inter-architecture.rietveldacademie.nl\/wp-content\/uploads\/2014\/11\/DSC02361-1024x1536.jpg 1024w\" sizes=\"(max-width: 600px) 100vw, 600px\" \/><\/a><br \/>\n<a href=\"http:\/\/inter-architecture.rietveldacademie.nl\/wp-content\/uploads\/2014\/11\/DSC02363_2.jpg\"><img loading=\"lazy\" src=\"http:\/\/inter-architecture.rietveldacademie.nl\/wp-content\/uploads\/2014\/11\/DSC02363_2-600x900.jpg\" alt=\"about it_henri snel 03\" width=\"600\" height=\"900\" class=\"alignnone size-medium wp-image-7262\" srcset=\"http:\/\/inter-architecture.rietveldacademie.nl\/wp-content\/uploads\/2014\/11\/DSC02363_2-600x900.jpg 600w, http:\/\/inter-architecture.rietveldacademie.nl\/wp-content\/uploads\/2014\/11\/DSC02363_2-1024x1536.jpg 1024w\" sizes=\"(max-width: 600px) 100vw, 600px\" \/><\/a><br \/>\n<a href=\"http:\/\/inter-architecture.rietveldacademie.nl\/wp-content\/uploads\/2014\/11\/DSC02369_2.jpg\"><img loading=\"lazy\" src=\"http:\/\/inter-architecture.rietveldacademie.nl\/wp-content\/uploads\/2014\/11\/DSC02369_2-600x900.jpg\" alt=\"about it_henri snel 02\" width=\"600\" height=\"900\" class=\"alignnone size-medium wp-image-7261\" srcset=\"http:\/\/inter-architecture.rietveldacademie.nl\/wp-content\/uploads\/2014\/11\/DSC02369_2-600x900.jpg 600w, http:\/\/inter-architecture.rietveldacademie.nl\/wp-content\/uploads\/2014\/11\/DSC02369_2-1024x1536.jpg 1024w\" sizes=\"(max-width: 600px) 100vw, 600px\" \/><\/a><br \/>\n<a href=\"http:\/\/inter-architecture.rietveldacademie.nl\/wp-content\/uploads\/2014\/11\/DSC02366.jpg\"><img loading=\"lazy\" src=\"http:\/\/inter-architecture.rietveldacademie.nl\/wp-content\/uploads\/2014\/11\/DSC02366-600x745.jpg\" alt=\"about it_henri snel 01\" width=\"600\" height=\"745\" class=\"alignnone size-medium wp-image-7260\" srcset=\"http:\/\/inter-architecture.rietveldacademie.nl\/wp-content\/uploads\/2014\/11\/DSC02366-600x745.jpg 600w, http:\/\/inter-architecture.rietveldacademie.nl\/wp-content\/uploads\/2014\/11\/DSC02366-1024x1271.jpg 1024w\" sizes=\"(max-width: 600px) 100vw, 600px\" \/><\/a><\/p>\n","protected":false},"excerpt":{"rendered":"<p>See also website Rietveld Academie: Honours programme Title Honours Programme \u201cArt and Research\u201d The Honours Programme ART and RESEARCH consists of a collaboration between the Gerrit Rietveld Academie and the University of Amsterdam. Initially developed in 2006 and already on its 6th edition, it aims to combine the best of both institutions in a programme [&hellip;]<\/p>\n","protected":false},"author":2,"featured_media":0,"parent":0,"menu_order":0,"comment_status":"closed","ping_status":"closed","template":"","meta":[],"_links":{"self":[{"href":"http:\/\/inter-architecture.rietveldacademie.nl\/index.php?rest_route=\/wp\/v2\/pages\/7612"}],"collection":[{"href":"http:\/\/inter-architecture.rietveldacademie.nl\/index.php?rest_route=\/wp\/v2\/pages"}],"about":[{"href":"http:\/\/inter-architecture.rietveldacademie.nl\/index.php?rest_route=\/wp\/v2\/types\/page"}],"author":[{"embeddable":true,"href":"http:\/\/inter-architecture.rietveldacademie.nl\/index.php?rest_route=\/wp\/v2\/users\/2"}],"replies":[{"embeddable":true,"href":"http:\/\/inter-architecture.rietveldacademie.nl\/index.php?rest_route=%2Fwp%2Fv2%2Fcomments&post=7612"}],"version-history":[{"count":7,"href":"http:\/\/inter-architecture.rietveldacademie.nl\/index.php?rest_route=\/wp\/v2\/pages\/7612\/revisions"}],"predecessor-version":[{"id":7620,"href":"http:\/\/inter-architecture.rietveldacademie.nl\/index.php?rest_route=\/wp\/v2\/pages\/7612\/revisions\/7620"}],"wp:attachment":[{"href":"http:\/\/inter-architecture.rietveldacademie.nl\/index.php?rest_route=%2Fwp%2Fv2%2Fmedia&parent=7612"}],"curies":[{"name":"wp","href":"https:\/\/api.w.org\/{rel}","templated":true}]}}

<p><a href="http://www.gerritrietveldacademie.nl/en/honours-programme1"> See also website Rietveld Academie: Honours programme </a></p>
<p><a href="http://inter-architecture.rietveldacademie.nl/wp-content/uploads/2014/11/DSC02362.jpg"><img loading="lazy" src="http://inter-architecture.rietveldacademie.nl/wp-content/uploads/2014/11/DSC02362-600x900.jpg" alt="about it_henri snel 04" width="600" height="900" class="alignnone size-medium wp-image-7263" srcset="http://inter-architecture.rietveldacademie.nl/wp-content/uploads/2014/11/DSC02362-600x900.jpg 600w, http://inter-architecture.rietveldacademie.nl/wp-content/uploads/2014/11/DSC02362-1024x1536.jpg 1024w" sizes="(max-width: 600px) 100vw, 600px" /></a></p>
<p><strong>Title</strong><br />
Honours Programme “Art and Research”</p>
<p>The Honours Programme ART and RESEARCH consists of a collaboration between the Gerrit Rietveld Academie and the University of Amsterdam. Initially developed in 2006 and already on its 6th edition, it aims to combine the best of both institutions in a programme that allows art students the opportunity to engage with theory on a deeper level than what is offered in the Gerrit Rietveld Academie’s regular courses, while on the other hand, it involves university students in creative processes absent in the scope of the University of Amsterdam’s courses. Departing from the idea that there are certain overlaps between the practices of science and art, it provides students with the incentive to link different perspectives and methodologies, as well as challenge traditions, in order to create and develop new modes of research, while learning from each other’s fields of study in the process.<br />
Practically speaking, this means that for a period of about 14 months, a group of eighteen to twenty selected students will work on a joint project, which starts with the attendance of a one-week training in Spain. Here they are exposed to an innovative teaching method based on Socratic dialogue, through which they formulate a general theme. Back in The Netherlands, they conceive sub-themes in smaller multi-disciplinary groups, and collaborate intensively on a collective research leading to a joined output, consisting of a publication and a presentation at the end of the programme.<br />
Admission to the programme is based upon talent and grades, and the projects mentioned above are developed on top of the student’s regular schedule. Although guided by tutors, guest lecturers, and other professionals, the students contribute to the development of the programme’s content as it progresses. Besides this, most of the organisational work involved in the production of the presentation and publication also lies in their hands, which makes the programme unique.<br />
Another characteristic feature of “ART and RESEARCH” is the extremely wide range of disciplines it brings together, with participants from departments such as the Gerrit Rietveld Academie’s Audiovisual, Fine Arts, Glass, Inter-Architecture and Graphic Design, the University’s Future Planet Studies, Theatre Studies, Philosophy, Art History and Literature Studies.<br />
Previous programme&#8217;s have shown us that these very motivated students have better chances of being selected for Master’s programme&#8217;s abroad, and several of them have won awards in past years, such as the Gerrit Rietveld Academie Award for Best Thesis. In the words of one of the programme’s former students: ‘It’s like being given new ears to listen to things that you thought you knew’.</p>
<p><strong>Students 2013-2014</strong><br />
Anastasia Pandilovska (Inter-Architecture), Annemiek Geel, Baha Görkem Yalim, Bastien Gachet, Brenda Guesnet, Céline Hürzeler, Chris van Diemen, Deborah Schrijvers, Florian Jomain, Freja Kirchheiner, Giulia Crispiani, Kristian Mølberg Meyer, Laura Dima (Inter-Architecture), Lenneke Vos, Maïa Wolf, Chi Nguyen, Rosanne van der Voet, Sofia Dupon, Tiemen Wind</p>
<p><a href="http://inter-architecture.rietveldacademie.nl/wp-content/uploads/2014/11/DSC02361.jpg"><img loading="lazy" src="http://inter-architecture.rietveldacademie.nl/wp-content/uploads/2014/11/DSC02361-600x900.jpg" alt="about it_henri snel 05" width="600" height="900" class="alignnone size-medium wp-image-7264" srcset="http://inter-architecture.rietveldacademie.nl/wp-content/uploads/2014/11/DSC02361-600x900.jpg 600w, http://inter-architecture.rietveldacademie.nl/wp-content/uploads/2014/11/DSC02361-1024x1536.jpg 1024w" sizes="(max-width: 600px) 100vw, 600px" /></a><br />
<a href="http://inter-architecture.rietveldacademie.nl/wp-content/uploads/2014/11/DSC02363_2.jpg"><img loading="lazy" src="http://inter-architecture.rietveldacademie.nl/wp-content/uploads/2014/11/DSC02363_2-600x900.jpg" alt="about it_henri snel 03" width="600" height="900" class="alignnone size-medium wp-image-7262" srcset="http://inter-architecture.rietveldacademie.nl/wp-content/uploads/2014/11/DSC02363_2-600x900.jpg 600w, http://inter-architecture.rietveldacademie.nl/wp-content/uploads/2014/11/DSC02363_2-1024x1536.jpg 1024w" sizes="(max-width: 600px) 100vw, 600px" /></a><br />
<a href="http://inter-architecture.rietveldacademie.nl/wp-content/uploads/2014/11/DSC02369_2.jpg"><img loading="lazy" src="http://inter-architecture.rietveldacademie.nl/wp-content/uploads/2014/11/DSC02369_2-600x900.jpg" alt="about it_henri snel 02" width="600" height="900" class="alignnone size-medium wp-image-7261" srcset="http://inter-architecture.rietveldacademie.nl/wp-content/uploads/2014/11/DSC02369_2-600x900.jpg 600w, http://inter-architecture.rietveldacademie.nl/wp-content/uploads/2014/11/DSC02369_2-1024x1536.jpg 1024w" sizes="(max-width: 600px) 100vw, 600px" /></a><br />
<a href="http://inter-architecture.rietveldacademie.nl/wp-content/uploads/2014/11/DSC02366.jpg"><img loading="lazy" src="http://inter-architecture.rietveldacademie.nl/wp-content/uploads/2014/11/DSC02366-600x745.jpg" alt="about it_henri snel 01" width="600" height="745" class="alignnone size-medium wp-image-7260" srcset="http://inter-architecture.rietveldacademie.nl/wp-content/uploads/2014/11/DSC02366-600x745.jpg 600w, http://inter-architecture.rietveldacademie.nl/wp-content/uploads/2014/11/DSC02366-1024x1271.jpg 1024w" sizes="(max-width: 600px) 100vw, 600px" /></a></p>
